{"id":62,"date":"2017-04-06T18:42:19","date_gmt":"2017-04-06T16:42:19","guid":{"rendered":"http:\/\/circus-europa.de\/?page_id=62"},"modified":"2024-03-21T07:26:17","modified_gmt":"2024-03-21T06:26:17","slug":"presse","status":"publish","type":"page","link":"https:\/\/circus-europa.de\/index.php\/presse\/","title":{"rendered":"Presse"},"content":{"rendered":"<p style=\"text-align: center;\"><span style=\"color: #333333;\">Sehr geehrte Presse- und Medienvertreter,<\/span><\/p>\n<p style=\"text-align: center;\"><span style=\"color: #333333;\">im Folgenden finden Sie f\u00fcr Ihre Ver\u00f6ffentlichungen aktuelles Bildmaterial. Bei Berichterstattungen \u00fcber den Circus Europa&nbsp;d\u00fcrfen Sie dieses gerne&nbsp;verwenden.&nbsp;<\/span><\/p>\n<p style=\"text-align: center;\"><span style=\"color: #333333;\">Per Klick k\u00f6nnen Sie hier die einzelnen Fotos in druckf\u00e4higer Aufl\u00f6sung herunterladen.<\/span><\/p>\n<div id='gallery-1' class='gallery galleryid-62 gallery-columns-4 gallery-size-medium'><figure class='gallery-item'>\n\t\t\t<div class='gallery-icon portrait'>\n\t\t\t\t<a href='https:\/\/circus-europa.de\/wp-content\/uploads\/2024\/03\/DuoVitalys-scaled-e1712666906214.jpg' rel=\"lightbox[62]\"><img width=\"200\" height=\"300\" src=\"https:\/\/circus-europa.de\/wp-content\/uploads\/2024\/03\/DuoVitalys-scaled-e1712666906214-200x300.jpg\" class=\"attachment-medium size-medium\" alt=\"\" decoding=\"async\" loading=\"lazy\" srcset=\"https:\/\/circus-europa.de\/wp-content\/uploads\/2024\/03\/DuoVitalys-scaled-e1712666906214-200x300.jpg 200w, https:\/\/circus-europa.de\/wp-content\/uploads\/2024\/03\/DuoVitalys-scaled-e1712666906214-683x1024.jpg 683w, https:\/\/circus-europa.de\/wp-content\/uploads\/2024\/03\/DuoVitalys-scaled-e1712666906214-768x1152.jpg 768w, https:\/\/circus-europa.de\/wp-content\/uploads\/2024\/03\/DuoVitalys-scaled-e1712666906214.jpg 800w\" sizes=\"(max-width: 200px) 100vw, 200px\" \/><\/a>\n\t\t\t<\/div><\/figure><figure class='gallery-item'>\n\t\t\t<div class='gallery-icon portrait'>\n\t\t\t\t<a href='https:\/\/circus-europa.de\/wp-content\/uploads\/2024\/03\/AnatoliAkermann-scaled-e1712666976941.jpg' rel=\"lightbox[62]\"><img width=\"200\" height=\"300\" src=\"https:\/\/circus-europa.de\/wp-content\/uploads\/2024\/03\/AnatoliAkermann-scaled-e1712666976941-200x300.jpg\" class=\"attachment-medium size-medium\" alt=\"\" decoding=\"async\" loading=\"lazy\" srcset=\"https:\/\/circus-europa.de\/wp-content\/uploads\/2024\/03\/AnatoliAkermann-scaled-e1712666976941-200x300.jpg 200w, https:\/\/circus-europa.de\/wp-content\/uploads\/2024\/03\/AnatoliAkermann-scaled-e1712666976941-683x1024.jpg 683w, https:\/\/circus-europa.de\/wp-content\/uploads\/2024\/03\/AnatoliAkermann-scaled-e1712666976941-768x1152.jpg 768w, https:\/\/circus-europa.de\/wp-content\/uploads\/2024\/03\/AnatoliAkermann-scaled-e1712666976941.jpg 800w\" sizes=\"(max-width: 200px) 100vw, 200px\" \/><\/a>\n\t\t\t<\/div><\/figure><figure class='gallery-item'>\n\t\t\t<div class='gallery-icon landscape'>\n\t\t\t\t<a href='https:\/\/circus-europa.de\/wp-content\/uploads\/2017\/04\/Kamele.jpg' rel=\"lightbox[62]\"><img width=\"300\" height=\"200\" src=\"https:\/\/circus-europa.de\/wp-content\/uploads\/2017\/04\/Kamele-300x200.jpg\" class=\"attachment-medium size-medium\" alt=\"\" decoding=\"async\" loading=\"lazy\" srcset=\"https:\/\/circus-europa.de\/wp-content\/uploads\/2017\/04\/Kamele-300x200.jpg 300w, https:\/\/circus-europa.de\/wp-content\/uploads\/2017\/04\/Kamele-768x512.jpg 768w, https:\/\/circus-europa.de\/wp-content\/uploads\/2017\/04\/Kamele-1024x683.jpg 1024w, https:\/\/circus-europa.de\/wp-content\/uploads\/2017\/04\/Kamele-450x300.jpg 450w\" sizes=\"(max-width: 300px) 100vw, 300px\" \/><\/a>\n\t\t\t<\/div><\/figure><figure class='gallery-item'>\n\t\t\t<div class='gallery-icon landscape'>\n\t\t\t\t<a href='https:\/\/circus-europa.de\/wp-content\/uploads\/2024\/03\/Todesrad-scaled.jpeg' rel=\"lightbox[62]\"><img width=\"300\" height=\"175\" src=\"https:\/\/circus-europa.de\/wp-content\/uploads\/2024\/03\/Todesrad-300x175.jpeg\" class=\"attachment-medium size-medium\" alt=\"\" decoding=\"async\" loading=\"lazy\" srcset=\"https:\/\/circus-europa.de\/wp-content\/uploads\/2024\/03\/Todesrad-300x175.jpeg 300w, https:\/\/circus-europa.de\/wp-content\/uploads\/2024\/03\/Todesrad-1024x596.jpeg 1024w, https:\/\/circus-europa.de\/wp-content\/uploads\/2024\/03\/Todesrad-768x447.jpeg 768w, https:\/\/circus-europa.de\/wp-content\/uploads\/2024\/03\/Todesrad-1536x894.jpeg 1536w, https:\/\/circus-europa.de\/wp-content\/uploads\/2024\/03\/Todesrad-2048x1191.jpeg 2048w\" sizes=\"(max-width: 300px) 100vw, 300px\" \/><\/a>\n\t\t\t<\/div><\/figure>\n\t\t<\/div>\n\n<p style=\"text-align: center;\"><span style=\"color: #000000;\">F\u00fcr weitere Ausk\u00fcnfte, sowie bei Interesse an Verlosungen, Interviews oder PR-Aktionen stehen wir Ihnen gerne zur Verf\u00fcgung.<\/span><\/p>\n<p style=\"text-align: center;\"><span style=\"color: #000000;\">Telefon: 0162 \/ 938 76 45&nbsp;<br \/>\n<\/span><\/p>\n<p style=\"text-align: center;\"><span style=\"color: #000000;\">E-Mail: circus.europa@web.de<\/span><\/p>\n","protected":false},"excerpt":{"rendered":"<p>Sehr geehrte Presse- und Medienvertreter, im Folgenden finden Sie f\u00fcr Ihre Ver\u00f6ffentlichungen aktuelles Bildmaterial. Bei Berichterstattungen \u00fcber den Circus Europa&nbsp;d\u00fcrfen Sie dieses gerne&nbsp;verwenden.&nbsp; Per Klick k\u00f6nnen Sie hier die einzelnen Fotos in druckf\u00e4higer Aufl\u00f6sung herunterladen. F\u00fcr weitere Ausk\u00fcnfte, sowie bei<a class=\"more-link\" href=\"https:\/\/circus-europa.de\/index.php\/presse\/\" title=\"Presse\"><span>Mehr lesen<\/span><\/a><\/p>\n","protected":false},"author":2,"featured_media":0,"parent":0,"menu_order":50,"comment_status":"closed","ping_status":"closed","template":"","meta":{"ngg_post_thumbnail":0},"_links":{"self":[{"href":"https:\/\/circus-europa.de\/index.php\/wp-json\/wp\/v2\/pages\/62"}],"collection":[{"href":"https:\/\/circus-europa.de\/index.php\/wp-json\/wp\/v2\/pages"}],"about":[{"href":"https:\/\/circus-europa.de\/index.php\/wp-json\/wp\/v2\/types\/page"}],"author":[{"embeddable":true,"href":"https:\/\/circus-europa.de\/index.php\/wp-json\/wp\/v2\/users\/2"}],"replies":[{"embeddable":true,"href":"https:\/\/circus-europa.de\/index.php\/wp-json\/wp\/v2\/comments?post=62"}],"version-history":[{"count":17,"href":"https:\/\/circus-europa.de\/index.php\/wp-json\/wp\/v2\/pages\/62\/revisions"}],"predecessor-version":[{"id":924,"href":"https:\/\/circus-europa.de\/index.php\/wp-json\/wp\/v2\/pages\/62\/revisions\/924"}],"wp:attachment":[{"href":"https:\/\/circus-europa.de\/index.php\/wp-json\/wp\/v2\/media?parent=62"}],"curies":[{"name":"wp","href":"https:\/\/api.w.org\/{rel}","templated":true}]}}

<p style="text-align: center;"><span style="color: #333333;">Sehr geehrte Presse- und Medienvertreter,</span></p>
<p style="text-align: center;"><span style="color: #333333;">im Folgenden finden Sie für Ihre Veröffentlichungen aktuelles Bildmaterial. Bei Berichterstattungen über den Circus Europa&nbsp;dürfen Sie dieses gerne&nbsp;verwenden.&nbsp;</span></p>
<p style="text-align: center;"><span style="color: #333333;">Per Klick können Sie hier die einzelnen Fotos in druckfähiger Auflösung herunterladen.</span></p>
<div id='gallery-1' class='gallery galleryid-62 gallery-columns-4 gallery-size-medium'><figure class='gallery-item'>
			<div class='gallery-icon portrait'>
				<a href='https://circus-europa.de/wp-content/uploads/2024/03/DuoVitalys-scaled-e1712666906214.jpg' rel="lightbox[62]"><img width="200" height="300" src="https://circus-europa.de/wp-content/uploads/2024/03/DuoVitalys-scaled-e1712666906214-200x300.jpg" class="attachment-medium size-medium" alt="" decoding="async" loading="lazy" srcset="https://circus-europa.de/wp-content/uploads/2024/03/DuoVitalys-scaled-e1712666906214-200x300.jpg 200w, https://circus-europa.de/wp-content/uploads/2024/03/DuoVitalys-scaled-e1712666906214-683x1024.jpg 683w, https://circus-europa.de/wp-content/uploads/2024/03/DuoVitalys-scaled-e1712666906214-768x1152.jpg 768w, https://circus-europa.de/wp-content/uploads/2024/03/DuoVitalys-scaled-e1712666906214.jpg 800w" sizes="(max-width: 200px) 100vw, 200px" /></a>
			</div></figure><figure class='gallery-item'>
			<div class='gallery-icon portrait'>
				<a href='https://circus-europa.de/wp-content/uploads/2024/03/AnatoliAkermann-scaled-e1712666976941.jpg' rel="lightbox[62]"><img width="200" height="300" src="https://circus-europa.de/wp-content/uploads/2024/03/AnatoliAkermann-scaled-e1712666976941-200x300.jpg" class="attachment-medium size-medium" alt="" decoding="async" loading="lazy" srcset="https://circus-europa.de/wp-content/uploads/2024/03/AnatoliAkermann-scaled-e1712666976941-200x300.jpg 200w, https://circus-europa.de/wp-content/uploads/2024/03/AnatoliAkermann-scaled-e1712666976941-683x1024.jpg 683w, https://circus-europa.de/wp-content/uploads/2024/03/AnatoliAkermann-scaled-e1712666976941-768x1152.jpg 768w, https://circus-europa.de/wp-content/uploads/2024/03/AnatoliAkermann-scaled-e1712666976941.jpg 800w" sizes="(max-width: 200px) 100vw, 200px" /></a>
			</div></figure><figure class='gallery-item'>
			<div class='gallery-icon landscape'>
				<a href='https://circus-europa.de/wp-content/uploads/2017/04/Kamele.jpg' rel="lightbox[62]"><img width="300" height="200" src="https://circus-europa.de/wp-content/uploads/2017/04/Kamele-300x200.jpg" class="attachment-medium size-medium" alt="" decoding="async" loading="lazy" srcset="https://circus-europa.de/wp-content/uploads/2017/04/Kamele-300x200.jpg 300w, https://circus-europa.de/wp-content/uploads/2017/04/Kamele-768x512.jpg 768w, https://circus-europa.de/wp-content/uploads/2017/04/Kamele-1024x683.jpg 1024w, https://circus-europa.de/wp-content/uploads/2017/04/Kamele-450x300.jpg 450w" sizes="(max-width: 300px) 100vw, 300px" /></a>
			</div></figure><figure class='gallery-item'>
			<div class='gallery-icon landscape'>
				<a href='https://circus-europa.de/wp-content/uploads/2024/03/Todesrad-scaled.jpeg' rel="lightbox[62]"><img width="300" height="175" src="https://circus-europa.de/wp-content/uploads/2024/03/Todesrad-300x175.jpeg" class="attachment-medium size-medium" alt="" decoding="async" loading="lazy" srcset="https://circus-europa.de/wp-content/uploads/2024/03/Todesrad-300x175.jpeg 300w, https://circus-europa.de/wp-content/uploads/2024/03/Todesrad-1024x596.jpeg 1024w, https://circus-europa.de/wp-content/uploads/2024/03/Todesrad-768x447.jpeg 768w, https://circus-europa.de/wp-content/uploads/2024/03/Todesrad-1536x894.jpeg 1536w, https://circus-europa.de/wp-content/uploads/2024/03/Todesrad-2048x1191.jpeg 2048w" sizes="(max-width: 300px) 100vw, 300px" /></a>
			</div></figure>
		</div>

<p style="text-align: center;"><span style="color: #000000;">Für weitere Auskünfte, sowie bei Interesse an Verlosungen, Interviews oder PR-Aktionen stehen wir Ihnen gerne zur Verfügung.</span></p>
<p style="text-align: center;"><span style="color: #000000;">Telefon: 0162 / 938 76 45&nbsp;<br />
</span></p>
<p style="text-align: center;"><span style="color: #000000;">E-Mail: circus.europa@web.de</span></p>

<p>Sehr geehrte Presse- und Medienvertreter, im Folgenden finden Sie für Ihre Veröffentlichungen aktuelles Bildmaterial. Bei Berichterstattungen über den Circus Europa&nbsp;dürfen Sie dieses gerne&nbsp;verwenden.&nbsp; Per Klick können Sie hier die einzelnen Fotos in druckfähiger Auflösung herunterladen. Für weitere Auskünfte, sowie bei<a class="more-link" href="https://circus-europa.de/index.php/presse/" title="Presse"><span>Mehr lesen</span></a></p>
